{"id":23,"date":"2016-12-21T09:16:18","date_gmt":"2016-12-21T02:16:18","guid":{"rendered":"https:\/\/ymeet.me\/blog\/?page_id=23"},"modified":"2016-12-21T16:41:16","modified_gmt":"2016-12-21T09:41:16","slug":"lien-he","status":"publish","type":"page","link":"https:\/\/ymeet.me\/blog\/lien-he\/","title":{"rendered":"LI\u00caN H\u1ec6 V\u1edaI YMEET.ME"},"content":{"rendered":"<p>N\u1ebfu b\u1ea1n g\u1eb7p v\u1ea5n \u0111\u1ec1 kh\u00f3 kh\u0103n khi s\u1eed d\u1ee5ng trang web Ymeet.me v\u00e0 b\u1ea1n v\u1eabn kh\u00f4ng th\u1ec3 gi\u1ea3i quy\u1ebft sau khi \u0111\u00e3 tham kh\u1ea3o <a href=\"https:\/\/m.ymeet.me\/helps\">Tr\u1ee3 Gi\u00fap<\/a>, h\u00e3y li\u00ean h\u1ec7 v\u1edbi ch\u00fang t\u00f4i theo m\u1eabu d\u01b0\u1edbi \u0111\u00e2y \u0111\u1ec3 \u0111\u01b0\u1ee3c h\u1ed7 tr\u1ee3 th\u00eam<\/p>\n<h5><strong>Li\u00ean h\u1ec7 v\u1edbi ch\u00fang t\u00f4i<\/strong><\/h5>\n<div role=\"form\" class=\"wpcf7\" id=\"wpcf7-f528-o1\" lang=\"en-US\" dir=\"ltr\">\n<div class=\"screen-reader-response\"><\/div>\n<form action=\"\/blog\/wp-json\/wp\/v2\/pages\/23#wpcf7-f528-o1\" method=\"post\" class=\"wpcf7-form\" novalidate=\"novalidate\">\n<div style=\"display: none;\">\n<input type=\"hidden\" name=\"_wpcf7\" value=\"528\" \/>\n<input type=\"hidden\" name=\"_wpcf7_version\" value=\"4.6\" \/>\n<input type=\"hidden\" name=\"_wpcf7_locale\" value=\"en_US\" \/>\n<input type=\"hidden\" name=\"_wpcf7_unit_tag\" value=\"wpcf7-f528-o1\" \/>\n<input type=\"hidden\" name=\"_wpnonce\" value=\"e94b8a03f2\" \/>\n<\/div>\n<p><label> Your Name (required)<br \/>\n    <span class=\"wpcf7-form-control-wrap your-name\"><input type=\"text\" name=\"your-name\" value=\"\" size=\"40\" class=\"wpcf7-form-control wpcf7-text wpcf7-validates-as-required\" aria-required=\"true\" aria-invalid=\"false\" \/><\/span> <\/label><\/p>\n<p><label> Your Email (required)<br \/>\n    <span class=\"wpcf7-form-control-wrap your-email\"><input type=\"email\" name=\"your-email\" value=\"\" size=\"40\" class=\"wpcf7-form-control wpcf7-text wpcf7-email wpcf7-validates-as-required wpcf7-validates-as-email\" aria-required=\"true\" aria-invalid=\"false\" \/><\/span> <\/label><\/p>\n<p><label> Subject<br \/>\n    <span class=\"wpcf7-form-control-wrap your-subject\"><input type=\"text\" name=\"your-subject\" value=\"\" size=\"40\" class=\"wpcf7-form-control wpcf7-text\" aria-invalid=\"false\" \/><\/span> <\/label><\/p>\n<p><label> Your Message<br \/>\n    <span class=\"wpcf7-form-control-wrap your-message\"><textarea name=\"your-message\" cols=\"40\" rows=\"10\" class=\"wpcf7-form-control wpcf7-textarea\" aria-invalid=\"false\"><\/textarea><\/span> <\/label><\/p>\n<p><input type=\"submit\" value=\"Send\" class=\"wpcf7-form-control wpcf7-submit\" \/><\/p>\n<div class=\"wpcf7-response-output wpcf7-display-none\"><\/div><\/form><\/div>\n","protected":false},"excerpt":{"rendered":"<p>N\u1ebfu b\u1ea1n g\u1eb7p v\u1ea5n \u0111\u1ec1 kh\u00f3 kh\u0103n khi s\u1eed d\u1ee5ng trang web Ymeet.me v\u00e0 b\u1ea1n v\u1eabn kh\u00f4ng th\u1ec3 gi\u1ea3i quy\u1ebft sau khi \u0111\u00e3 tham kh\u1ea3o Tr\u1ee3 Gi\u00fap, h\u00e3y li\u00ean h\u1ec7 v\u1edbi ch\u00fang t\u00f4i theo m\u1eabu d\u01b0\u1edbi \u0111\u00e2y \u0111\u1ec3 \u0111\u01b0\u1ee3c h\u1ed7&#8230;<\/p>\n","protected":false},"author":1,"featured_media":18,"parent":0,"menu_order":0,"comment_status":"closed","ping_status":"closed","template":"","meta":{"amp_status":""},"_links":{"self":[{"href":"https:\/\/ymeet.me\/blog\/wp-json\/wp\/v2\/pages\/23"}],"collection":[{"href":"https:\/\/ymeet.me\/blog\/wp-json\/wp\/v2\/pages"}],"about":[{"href":"https:\/\/ymeet.me\/blog\/wp-json\/wp\/v2\/types\/page"}],"author":[{"embeddable":true,"href":"https:\/\/ymeet.me\/blog\/wp-json\/wp\/v2\/users\/1"}],"replies":[{"embeddable":true,"href":"https:\/\/ymeet.me\/blog\/wp-json\/wp\/v2\/comments?post=23"}],"version-history":[{"count":1,"href":"https:\/\/ymeet.me\/blog\/wp-json\/wp\/v2\/pages\/23\/revisions"}],"predecessor-version":[{"id":6143,"href":"https:\/\/ymeet.me\/blog\/wp-json\/wp\/v2\/pages\/23\/revisions\/6143"}],"wp:featuredmedia":[{"embeddable":true,"href":"https:\/\/ymeet.me\/blog\/wp-json\/wp\/v2\/media\/18"}],"wp:attachment":[{"href":"https:\/\/ymeet.me\/blog\/wp-json\/wp\/v2\/media?parent=23"}],"curies":[{"name":"wp","href":"https:\/\/api.w.org\/{rel}","templated":true}]}}